
-1
What is 6 - 5 - ((3 - 0) + -1)?
-1
-2 - (2 + -10) - 1
5
Evaluate 1 + (0 - (-4 + 6) - -1).
0
Calculate 3 + -1 - (-3 - (3 - 4)).
4
What is the value of 0 + -8 + 11 + 4?
7
1 - (7 - 5) - -5
4
What is (7 - -1) + (-3 - 5 - -4)?
4
Evaluate -2 + -1 + (38 - 31).
4
Calculate -3 + -1 + 2 + -2 + 0.
-4
Evaluate -5 - ((7 - 1) + -21 - -4).
6
Calculate -3 - (-34 + 35 + -5 + -1).
2
Calculate 0 - (4 - (-2 + 2 + 3)).
-1
What is 8 + -6 + (-7 - 8) + 7?
-6
What is the value of (-4 + 9 - 3) + 5 - 3?
4
Calculate (6 - 0) + -87 + 76.
-5
Calculate -10 - (-9 - (-4 - -8)).
3
Calculate -1 + 4 + (-2 - -4).
5
Calculate (-2 - (-4 - -2)) + 4 + -4.
0
Calculate 18 + -15 - (2 - (-1 - 1)).
-1
Calculate -2 - (-2 + 0 + (-7 - -9)).
-2
What is -1 + (1 - (-4 - -1)) - 5?
-2
0 - -4 - ((10 - 3) + -6)
3
What is -22 + 7 + 6 + 12?
3
What is the value of 8 - (3 - (-7 - -5)) - -2?
5
What is the value of (-4 - (-15 - -8)) + -2?
1
What is 0 - (2 + -2) - (3 + -4)?
1
Evaluate (-3 - 1) + (31 - 22).
5
Calculate -4 + 6 + 6 + (-1 - 1).
6
Calculate 19 + -9 + -3 + -1 + 0.
6
What is the value of (39 - 47) + 3 + -1?
-6
Evaluate -4 + 0 + 1 - (1 - 4).
0
What is the value of 10 - 6 - (10 + -2)?
-4
-3 - (10 + 2 + -24)
9
What is the value of -4 + (2 + 2 - 1 - 1)?
-2
Evaluate (4 - (-3 + 3)) + -5.
-1
Evaluate -2 + (-3 - -5) + 2.
2
Calculate 6 + -5 - 6 - -2.
-3
Calculate -8 - (-4 - -5) - -2.
-7
What is the value of -10 + 5 + (-2 - -5) + 3?
1
-1 - (-3 - -2 - -4)
-4
What is (-4 - (10 - 5)) + 8?
-1
What is the value of (-8 - -2) + -1 - -11?
4
Evaluate 6 + -4 + (3 - (7 - 8)).
6
Evaluate (3 - 7) + 6 + -2 + -1.
-1
Calculate (-1 - (-6 + 10)) + 10.
5
Evaluate 5 - (2 - -2 - (-7 + 7)).
1
What is the value of -1 + 0 + (4 - -2)?
5
What is the value of -1 + (5 - 7) - -5 - 6?
-4
Evaluate 0 - (-3 + 6 + -3 + 1).
-1
-8 + (-7 + -7 - -14)
-8
-1 - 10 - (-123 - -113)
-1
Evaluate 2 + -1 + (-3 - -3) - 5.
-4
Evaluate -3 + (-1 - (3 - 3)).
-4
4 - (-1 + (-7 - -6) - 1)
7
What is the value of -4 - (2 - -7 - (12 - 7))?
-8
Evaluate -9 + (-21 + 8 - -20).
-2
What is the value of (-2 - 1) + (5 + -2 - 3)?
-3
Calculate 3 + -3 + 2 - 7 - -10.
5
What is the value of 2 + 2 + 0 + -1?
3
What is the value of -2 - (5 + -4 + -4)?
1
What is 8 + 3 + -11 + -1?
-1
What is the value of -3 + 2 + 7 + -5?
1
Calculate 2 + (8 - -2) + -6.
6
Calculate (14 - 9 - 1) + 0 + -6.
-2
Calculate -8 + 5 + -7 + 9.
-1
Evaluate (1 - (3 + -1)) + (-3 - -7).
3
(8 + -16 - 9) + 11
-6
What is (-6 - -4) + (1 - 0) + -4?
-5
What is -10 + 16 - (-2 + 4)?
4
What is the value of -4 + -2 + 0 + 1?
-5
What is (-7 - -11) + -13 + 6 + 10?
7
Evaluate 0 + 3 + 6 + (-1 - 3).
5
Calculate -4 + (15 - (10 + -2)).
3
Evaluate 0 - (2 - 6 - -9).
-5
-1 - -2 - (7 - (-3 - -16))
7
(1 - -7) + (11 - 17)
2
(8 - 1) + 31 + -41
-3
Calculate 3 + -10 + (-5 - (-16 - -10)).
-6
What is the value of (-4 - (0 - (6 - -1))) + 1?
4
What is the value of -11 + 6 + (6 - 8)?
-7
-8 + (-1 - (-5 - 3))
-1
What is the value of -11 + 7 - (2 + -3)?
-3
Evaluate 4 + (-6 - (-7 + 4 - -2)).
-1
Calculate -1 + 2 - (9 - -3 - 7).
-4
(9 - 4) + (1 - -1 - 1)
6
Evaluate -1 + 4 + -5 + -4 + 9.
3
What is the value of (1 - (-13 + 17)) + 1 + -1?
-3
Calculate -3 - (2 + 0 + -8 + 2).
1
Evaluate (0 - -12) + -7 - 8.
-3
What is the value of -10 - ((15 - 4) + -25)?
4
Calculate 2 + -1 - 5 - (-6 - -6).
-4
What is the value of -6 + 3 - (1 + 0)?
-4
Calculate (11 + -17 - -9) + -1 + 3.
5
Evaluate (8 - 9 - 3) + 4.
0
What is the value of (-1 - 7) + -4 - (-4 - -1)?
-9
Calculate -18 - 1 - (-260 - -247).
-6
What is (3 + -2 - -3) + -15 + 9?
-2
Evaluate -4 - (2 - -3 - 8).
-1
-1 + 4 + 5 + (-2 - 2)
4
What is the value of -5 + 1 + -15 + 23?
4
What is the value of (2 - 3 - 2) + 5?
2
What is -4 + -1 + -13 + 20?
2
Evaluate 6 - (-7 + 5 + -1 - -4).
5
Evaluate -7 - (-10 - -4) - -2.
1
2 + (-1 - -3) + -2 - 9
-7
What is the value of 8 + (-1 + -2 - 10)?
-5
Evaluate -16 - -16 - (-3 + 1 + -1).
3
Evaluate 6 + -6 - 2 - (12 + -5).
-9
-1 + 3 - 1 - 5
-4
What is the value of 9 - 9 - (-1 - -1)?
0
What is the value of -1 - (3 - (4 - 4))?
-4
What is 0 - (0 + 5) - -4 - 5?
-6
What is the value of -3 - (-12 - -4) - 3?
2
7 - (9 - (1 - 6))
-7
What is -15 - -13 - (6 + -2)?
-6
3 + 2 - (-5 + 7 - -2)
1
3 - (0 - -4) - (0 - 3)
2
Evaluate 1 - (3 - 2) - (10 - 17).
7
What is the value of (3 - 4) + 1 - 4?
-4
Calculate 5 + 5 + (-3 - 2 - 0).
5
What is (13 - 7) + (-4 - 8 - 2)?
-8
Evaluate -1 - -2 - (4 - 2).
-1
3 - (7 + 0) - -2
-2
What is (-3 - 0) + 3 + -3?
-3
Evaluate 5 - 10 - (3 + -2 - 1).
-5
What is -1 + (-2 + 2 - -1) + -6?
-6
What is the value of 0 - -1 - (-7 + 12) - 0?
-4
3 - (1 + (-5 - -6))
1
What is (0 - 1) + 6 + 3 + -10?
-2
What is 11 - (-8 + 9 + 19)?
-9
What is the value of 2 + -17 + (-2 - 2 - -11)?
-8
4 - (5 + 4) - -2
-3
-3 + (0 - -8) + (-1 - 7)
-3
Calculate 0 + -1 - (0 + -2 + 2).
-1
Evaluate 1 + 4 + 6 + (-8 - 5).
-2
What is 6 - 5 - 7 - -2?
-4
Evaluate (1 - 5) + 1 + 0 + -3.
-6
Evaluate 0 + 3 - (-12 + 1 + 10).
4
What is (3 - (2 + -2)) + -6?
-3
Evaluate 5 - 7 - (-3 + 0).
1
What is -1 + -4 + (1 - -2)?
-2
What is 5 + -7 + 6 + -2 + 0?
2
What is the value of (-1 - (-3 + -1 + 3)) + 6?
6
What is (7 - (8 + -5)) + 3?
7
Calculate -8 - 1 - (2 - 12).
1
What is 3 + -3 + -1 + (-1 - -6)?
4
-2 - 1 - (-5 + -5 + 5)
2
85 + -74 - (-2 - (-7 + 0))
6
What is 12 - ((27 - 12) + 3)?
-6
Evaluate 5 + (-2 - 0) + -1 - -3.
5
Evaluate (2 - (1 - 3 - -2)) + 0.
2
(-1 - -5) + 2 + -5 + 3
4
What is the value of 3 - ((0 + -2 - -7) + -8)?
6
2 - 1 - -1 - 1 - -2
3
3 - (2 + -9 - -6)
4
Evaluate 4 + -12 + (5 - -2).
-1
Calculate -5 + 2 + 9 - (8 - 5).
3
Evaluate (67 - 72) + (4 - 1).
-2
Evaluate 8 + -6 - (3 + 2 + 3).
-6
Calculate 10 - 13 - (1 - 4).
0
(0 - 1 - (-13 + 10)) + 2
4
-11 + -3 + 7 - 2
-9
Calculate -6 + 2 + 10 + 7 + -17.
-4
Calculate (3 - 15) + 6 - (-8 - -4).
-2
Evaluate 3 + -4 + 2 + 2.
3
Calculate -1 + (2 - 4 - 2).
-5
What is the value of 1 + (-3 + -5 - -11)?
4
What is (2 - (0 + 0 + 2)) + 4?
4
Evaluate -4 - -2 - (-7 - -7).
-2
Calculate (-3 - -4) + 2 + 0 - 8.
-5
What is (-7 - (-2 - 1)) + 9?
5
What is the value of (2 + -7 - 2) + 122 + -108?
7
Calculate 1 + 0 + (-6 - (1 + -3)).
-3
What is 1 - -7 - (17 - 14)?
5
Evaluate (-29 - (-19 + -4)) + (0 - -1).
-5
What is 1 - (5 + -3 + 3)?
-4
What is 3 - (3 - 4) - 7?
-3
-2 + -4 + (18 - 9)
3
What is 4 - (9 + -6 - 0)?
1
Calculate -4 + 20 + (-7 - 1) + -8.
0
Calculate (1 - (6 + -4)) + 6.
5
Calculate (8 + -5 - 4 - 4) + 11.
6
What is -6 + (1 - -9) + -4?
0
Calculate -5 + (-2 - -3) + 5.
1
What is 1 - ((-2 - 1) + (1 - -2))?
1
(5 - (4 + -2 + -2)) + 0
5
Calculate 0 + 0 + (3 + 5 - 10).
-2
Calculate 2 - (-5 - (-12 - -7)).
2
What is 5 - (-11 - -9 - -12)?
-5
What is the value of -1 - (1 + (-7 - -4))?
1
What is the value of 2 + -7 + 4 + 3?
2
Calculate -26 - -28 - (-1 - 1).
4
What is the value of -4 - ((-2 - 4) + 2 - -5)?
-5
Evaluate 4 + -6 + (-1 - -2).
-1
-9 + -4 + 17 + 3
7
Calculate -2 + -2 - (-1 + (3 - 9)).
3
9 + 2 + -6 + 0
5
What is the value of 1 + -11 - -7 - -8?
5
(-3 - -3) + 3 + 0 + -3
0
What is the value of -2 + -1 + -2 + 4 + 1?
0
Calculate (1 - -13) + (-69 - -44).
-11
Calculate -2 + (-5 - -7) + 4.
4
Calculate (2 - 0) + (7 + -4 - 6).
-1
Calculate -1 - (-7 + 7 - (-2 - 1)).
-4
(-75 - -75) + 7 + 0
7
What is (-16 + 6 - -3) + 4?
-3
What is the value of -4 + (4 + -12 - -2) + 2?
-8
What is the value of -2 - -4 - (0 + -1 - -1)?
2
Calculate -2 + (4 - -7) + -1.
8
What is -6 + 12 - (10 - (-6 - -3))?
-7
Calculate (-46 + 52 - (-6 - -1)) + -3.
8
-2 + (1 - (2 + -4 + 3))
-2
Evaluate (-7 - -1) + (86 - 77).
3
What is -13 + (11 - (1 - 10))?
7
What is the value of -7 - (8 - (-10 - -25))?
0
What is -1 - (2 + (1 - 6) - -1)?
1
0 + -1 + (1 - (1 + -6))
5
Evaluate 4 - (0 - (-3 + 2)).
3
1 + 3 + -6 + 0 + 3
1
-2 - -3 - 3 - 3 - -4
-1
9 + -17 + -1 - -11
2
What is the value of 1 + -1 + -1 + 0?
-1
(-2 - -4) + -5 + (-2 - -4)
-1
Evaluate -4 - (3 - (-3 + 6) - 3).
-1
1 + -2 - (1 - 6)
4
(-1 - -1) + 5 + -3 + -1
1
Evaluate 3 + (-25 - (-20 + 9)).
-11
What is the value of -3 + 0 - (-4 + 5)?
-4
Calculate 3 - 1 - (-2 + 4).
0
1 + 8 + -6 + -2
1
(-16 - (-7 + 4)) + 6 + 4
-3
Evaluate 2 + (-3 - ((6 - 4) + 0)).
-3
-4 - (-1 + (-4 + -1 - -4))
-2
-5 + (-5 - -2 - -5) + -2
-5
Calculate -4 + 3 + (-2 - 0) + 0.
-3
What is the value of 1 + (1 - 2) + -3?
-3
What is 4 + (-9 - -5) + -1 - -7?
6
What is (-3 - 0) + 52 + -54?
-5
5 + -15 - (5 + -6 + -5)
-4
What is (9 - (5 + (-7 - -3